i be u(-9). Let l be i/(-2)*0/(-9). Suppose -5*j + 6*j - 52 = l. What is the tens digit of j?
5
Let f = 1 + 3. Suppose -5*d + d - 100 = 4*k, -5*d + f*k = 170. Let a = d - -44. What is the units digit of a?
4
Suppose 0 = 2*k + 3*k - 20. What is the units digit of 1/(-2) - ((-198)/k)/9?
5
Let q be (-18)/(-8) - (-2)/(-8). Suppose 0 = -q*l + 6*l. Suppose -5*x - 210 = -5*n, l*n + n + 3*x - 42 = 0. What is the tens digit of n?
4
Let h(r) = -2*r - 2. Let j be h(-5). Suppose -11*d + 54 = -j*d. What is the units digit of d?
8
Suppose -1155 = -4*l - 3*l. What is the tens digit of 5 + (-3 - 7) + l?
6
Suppose -5*r + 3*t + 208 = 0, -5*r - t + 89 = -115. What is the tens digit of r?
4
Let c(n) = -3 + 22*n**3 - 21*n**3 + 2 - 2*n + n. Let k be c(-1). What is the units digit of k/3 - (-46)/3?
5
Let a(z) = 46*z + 328. What is the thousands digit of a(15)?
1
Let g = -6 + 6. Let f(t) = g*t + 2*t - 3*t + 27 + 2*t. What is the tens digit of f(11)?
3
Let f = 59 - -154. What is the tens digit of f?
1
Let r(a) = 14*a**3 + 6*a**2 + 14*a - 12. What is the hundreds digit of r(6)?
3
Let d be (-2)/(-7) + (-12712)/(-98). Suppose -4*h + 4*l = -260, 0 = 4*h - 6*h - 5*l + d. What is the units digit of h?
5
Suppose -4*d + 2748 = 4*p, 2*d = -2*d - p + 2739. What is the tens digit of d?
8
Let u(o) = -o - 3. Let r(q) = -q - 2. Let d(a) = -5*r(a) + 3*u(a). Let i be d(2). Suppose i*v = 4*k - 24, 0*v = -v. What is the units digit of k?
6
Let i = 8 + 2. Suppose -8*l - 10 = -i*l. What is the tens digit of ((-46)/l)/((-6)/15)?
2
Suppose 0 = 27*n + 70*n - 246186. What is the thousands digit of n?
2
Suppose -9*h = -11436 - 10659. What is the thousands digit of h?
2
Let l(v) = 16*v**2 - 4*v - 16. What is the thousands digit of l(-8)?
1
Suppose 8070 = -90*u + 95*u. What is the thousands digit of u?
1
Let h = -9 - -8. Let u be h/(-3) - (-460)/(-12). Let t = 53 + u. What is the units digit of t?
5
Suppose 20*g - 4220 = 10*g. What is the hundreds digit of g?
4
Let u(z) = 2*z**2 - 3*z - 8. Let r be u(6). Let x be (5 + -4)/((-1)/23). Let p = x + r. What is the tens digit of p?
2
Suppose -2*o = 4*p + p - 4427, -o + 2200 = -2*p. What is the units digit of o?
6
What is the tens digit of ((-752)/282)/(1/(-453))?
0
Let g be 8/(-10)*(-21 - 4)/(-5). What is the hundreds digit of 3*(g/(-8) - 495/(-6))?
2
Suppose -4*j + 4500 = -5*s + 343, -3*j = 6. Let l = s + 1217. Suppose 4*i + p + 133 = l, 4*p = i - 84. What is the units digit of i?
4
Suppose 3*k - 8*k + 5 = 0. Let c be 9*((-4)/(-12) + k). What is the units digit of (-1)/((c/(-20))/3)?
5
Let l = 465 + 3248. What is the tens digit of l?
1
Suppose 6 - 66 = -6*x. Suppose -p = 2*p + 4*g - 30, -30 = -3*p + 2*g. Suppose -s - 5*c + 10 = -x, -5*c - p = -5*s. What is the units digit of s?
5
Suppose -981 = -13*o + 566. What is the units digit of o?
9
Let h(a) = 7*a**2 - 5*a + 16. What is the hundreds digit of h(4)?
1
Suppose 0 = -k - 2*k + 126. Suppose 3*d - 29 = -3*f + 7, f = -4*d + k. Let x(h) = h**3 - 9*h**2 - 9*h + 6. What is the units digit of x(d)?
6
Let y(i) = -31*i. Let s be 44/(-8) - (-1)/(-2). Let h be 6/18 - (-8)/s. What is the tens digit of y(h)?
3
Let i = -98 - -143. Let k = -21 + i. What is the units digit of k?
4
What is the units digit of -159*(4/(-4) - 1)?
8
What is the hundreds digit of (-2*(-36)/16)/((-23)/(-5198))?
0
Let o = 48 + -48. Suppose -12*l + 4*l + 80 = o. What is the units digit of l?
0
Suppose 228 = n + 2*n. Let m = n + -52. Let f = m - -5. What is the units digit of f?
9
Suppose 5*c - 6 = 14, 0 = m - 3*c + 12. Suppose m = 4*n - 4*h + 28 - 1260, 1232 = 4*n - 5*h. What is the units digit of n?
8
Let o(k) = -28*k + 5. Let l be o(-5). Suppose -3*s = -107 - l. What is the tens digit of s?
8
What is the hundreds digit of ((-6)/(-4))/(-21*8/(-307216))?
7
Let u = -12 + 16. Suppose 9*w - 2704 = -u*w. What is the tens digit of w?
0
Let t = 51 + 38. Suppose -o - 272 = -5*m, -3*m + 5*o = -61 - t. Suppose -4*x + m = x. What is the tens digit of x?
1
Let h be (-124)/(-1)*2/8. Let j(v) = 4*v - 2*v**2 + h + v**3 + 2*v - 35. What is the units digit of j(4)?
2
Let z = 35 - 31. Let s be (z/1)/(6/27). Let f = s - -53. What is the units digit of f?
1
What is the tens digit of ((-2)/3)/((-16)/15960)?
6
Suppose 0 = -3*q + 8*q - 5*u - 55, -4*q + 2*u + 38 = 0. Suppose 4*b + q = -3*f, -3*b + 0*b = -4*f + 31. Suppose -f*y - 8 + 88 = 0. What is the units digit of y?
0
Let t = -508 - -961. What is the hundreds digit of t?
4
Let l be 8*5*(4 + -3). Let c be (-29)/1*2/2. Let g = c + l. What is the units digit of g?
1
Let g(h) = -478*h - 110. What is the tens digit of g(-6)?
5
Let z = -86 + 674. Let i be (z/10)/((-15)/(-50)). Suppose -5*c + i = -c. What is the tens digit of c?
4
Suppose -31*h = -30*h - 1115. Suppose -191 + h = 6*a. What is the units digit of a?
4
Let r be (-4)/6*-318 - 0. Suppose -32 = -w + 3*p - p, -5*w = 3*p - r. What is the tens digit of w?
4
Suppose 0 = -4*b + 7*b + 12. Let v be b/((-8)/6) + 1. Suppose -n + i = -v*n + 26, -4 = 4*i. What is the units digit of n?
9
Suppose -2*t + 1357 = -3*b, -4*t + 2*b = -1311 - 1415. What is the units digit of t?
3
Suppose -3*d = 2 - 20. Suppose 3 + 81 = d*l. What is the units digit of (-5)/(-35) + 348/l?
5
Let m(v) = -96*v**3 - 25*v**3 + 4 - 6*v - 9. What is the tens digit of m(-1)?
2
Let u(z) = 496*z + 39. What is the tens digit of u(1)?
3
Suppose -3*p + 3*d = -831, 2*p + 3*p + 2*d - 1350 = 0. What is the hundreds digit of p?
2
Let k(m) = m**3 - 13*m**2 - 30*m + 6. Let r be k(15). Suppose -3*c = g - 49, -5*g + 7*c - r*c + 197 = 0. What is the units digit of g?
0
Suppose 5*u - 10*u = 0. Suppose u = 6*g - 384 - 354. What is the hundreds digit of g?
1
Suppose 9*s + 26 = -10. Let p(j) = -28*j + 1. What is the units digit of p(s)?
3
Let k be 25*(4 - (-34)/(-10)). What is the tens digit of (-213)/(-3*5/k)?
1
Suppose -433*y = -431*y - 3590. What is the units digit of y?
5
Let f be 58/4*7/((-21)/144). What is the tens digit of f/(-5) + (-30)/25 + 1?
3
Let j(f) = -3*f**3 + 15*f**2 + 9*f - 8. Let q(n) = -2*n**3 + 10*n**2 + 6*n - 5. Let w(c) = 5*j(c) - 8*q(c). What is the units digit of w(7)?
7
Let d = 4712 + -2784. What is the hundreds digit of d?
9
Let y(s) = 8*s**2. Let h be y(1). Suppose -h = -4*m - 4*f, 2*f + 0 = 2*m - 4. Suppose 0*q = -3*w + 3*q + 30, m*w - 4*q - 18 = 0. What is the tens digit of w?
1
Suppose -w - 3*r = 39 - 1716, 5059 = 3*w - 5*r. What is the hundreds digit of w?
6
Suppose -10*c = -12*c + 1800. Suppose -2*o = -11*o + c. What is the tens digit of o?
0
Let l = 99 - 84. Suppose s - l = -2*g, s + 0*g - 4*g - 39 = 0. What is the units digit of s?
3
Let g(q) = 25*q - 23. Let m be g(9). Let j = m - 33. Suppose 2*t + 28 = -3*d + 113, 0 = -4*t - 5*d + j. What is the tens digit of t?
4
Let j(m) = 9*m**3 + 17*m**2 - 64*m + 18. What is the units digit of j(5)?
8
Suppose t - 5*t = 16. Let m = 52 - t. What is the units digit of m?
6
Let j(q) be the second derivative of -q**4/12 - q**3 + 5*q**2 + q - 60. Let b = 18 - 25. What is the units digit of j(b)?
3
Let i be (-16)/(-24)*51*2. Suppose -1 + i = g. What is the units digit of g?
7
Let q be ((-58)/(-3))/(22/99). Suppose -x = 2*x - q. What is the tens digit of x?
2
Let k(m) = 298*m + 1. Let a be k(2). Suppose -17*s = -3*y - 14*s + a, 5*y - 1045 = -5*s. What is the tens digit of y?
0
Let p be (-2257)/(-7) + 9/(-21). Let j = p - 105. What is the tens digit of j?
1
Let r be (-81)/(-6)*-2*-1. Let s be (2/2)/((-1)/r). What is the tens digit of (-276)/s + 2/(-9)?
1
Suppose 8*s + 340 = 13*s. Suppose 2*y = y + s. What is the tens digit of y?
6
Let v = -17 - -27. Let x = 19 - v. Suppose 0 = 3*y + p - x - 112, -4*p + 133 = 3*y. What is the units digit of y?
9
Let t(w) = w**2 - 9*w + 15. Let q be t(6). What is the tens digit of -2*q/(-6)*(-98 + -1)?
9
Let o(f) be the second derivative of f**5/20 - f**4/4 - 2*f**3/3 + f**2/2 + f. Let v be o(6). Let c = -55 + v. What is the tens digit of c?
3
Suppose 0 = s + d - 150 - 16, 822 = 5*s + d. What is the units digit of s?
4
What is the tens digit of 10881/10 - 10/100?
8
Let q(d) = 4 - 12 + 6*d - 5*d - 4. Let y be q(16). Suppose y*o = o + 90. What is the tens digit of o?
3
Suppose 0*g - 10 = -4*c - 2*g, 4*g = c - 25. Suppose 3*d + 2*v - 97 = 65, 5*d + c*v - 265 = 0. Suppose l + d = 5*l. What is the units digit of l?
4
Let a